by -138*(-5)/(4 + 26).
20
Let v be 2*1 + (0 - 5)*-11. Let j = v - 13. What is the remainder when 83 is divided by j?
39
Suppose -3*b = -5*n - 29, -14 = -2*b - 2*n + 4*n. Suppose 5*a = 3*f + 46 + 11, -3*a = -b*f - 39. What is the remainder when 44 is divided by a?
8
Let r be 3*((-10)/15 - 4/(-3)). Let q = 19 + -39. What is the remainder when 90 is divided by (-2*(-3 + q))/r?
21
Calculate the remainder when 193 is divided by -13 - (-47 + (-48)/(-6)).
11
Suppose 37*a = 2*a + 18095. Calculate the remainder when a is divided by 65.
62
Suppose 0 = 5*v - 5*b + 5, 0 = -6*v + 3*v + 4*b - 3. Let t = v + 6. Suppose 717 = t*m - 28. Calculate the remainder when m is divided by 38.
35
What is the remainder when (-2)/(-7) - 3921/(-21) is divided by 21?
19
Suppose -2*v + 90 = -5*v. Let k = 61 + v. Let d = 1 + k. Calculate the remainder when d is divided by 12.
8
Suppose -4*p - 323 = -63. Let v be 7 - p - (-2)/1. Suppose 2*d - 3*a = 9 + v, 4*d - 176 = -4*a. Calculate the remainder when d is divided by 23.
20
Suppose -2*x + 5 = 1. Suppose -x*o - 8 = 4. Calculate the remainder when 4 is divided by o/(-3 + (3 - 2)).
1
Suppose 2*p = 2*o + 18, -15*o + 12*o + 51 = 3*p. Calculate the remainder when 284 is divided by p.
11
Let h = -154 - -197. What is the remainder when 601 is divided by h?
42
Suppose -9 = -2*g + q, -5 = 2*g - 3*q - 24. Suppose 3*w + g - 107 = 0. Suppose 3*u = -3 + 39. Calculate the remainder when w is divided by u.
11
Suppose -46 - 214 = -4*g. Suppose 5*s - 43 = 2*o - o, -4*o - 3*s - 172 = 0. Let c = 60 + o. What is the remainder when g is divided by c?
14
Suppose 5*o + 151 = 4*g, 9 = -g + 4*o + 44. Suppose 0*f + 3*f = g. Calculate the remainder when f is divided by 7.
6
Suppose 47*x - 43*x = 8. Suppose -22 = -x*m + k, -4*m + 9*m - 54 = 2*k. What is the remainder when 26 is divided by m?
6
Let n = 9144 - 9104. Let z(s) = -s**2 + 7*s + 1. Calculate the remainder when n is divided by z(6).
5
Let m = -52 + 335. What is the remainder when m is divided by 19?
17
Let m = -37 + 67. Suppose -f = c - m, 5 = -f + 4*c + 15. Calculate the remainder when 128 is divided by f.
24
What is the remainder when 21 is divided by (-1)/(-2)*-2 + (-17 - -31)?
8
Suppose -18*m + 22*m = -112. Let h = m - -77. Calculate the remainder when h is divided by 25.
24
Let z = 324 + -66. Suppose 0 = i + 2*i - z. What is the remainder when i is divided by 25/10*(-4 - 312/(-20))?
28
Let z(k) = k**3 - 22*k**2 + 54*k + 80. What is the remainder when 83 is divided by z(19)?
14
Let u = 399 + -191. Suppose u - 10 = 2*f. Let w = f - 48. What is the remainder when w is divided by 26?
25
What is the remainder when -4*3133/78*-3 is divided by 27?
23
Let u(n) = -n**3 - 4*n**2 - 13*n - 16. What is the remainder when 53 is divided by u(-3)?
11
Let y be 30/35*(-14)/(-4). Let w(i) = y*i + 13 + 15*i - 14. What is the remainder when w(1) is divided by 5?
2
Suppose -15*u + 18 = 3. Suppose -8*c + 7 = -u. Calculate the remainder when 1 is divided by c.
0
Suppose 0 = n + 2*n - 294. Calculate the remainder when n is divided by 13.
7
Suppose 3*h + 2*u - 2 = 0, 0 + 3 = -3*h + 3*u. Suppose -z - 2*v + 5 = -15, -z + 4*v - 4 = h. What is the remainder when z is divided by 3?
0
Suppose 69*f + 138 = 71*f. Suppose -19*b + 121 = -f. Calculate the remainder when b is divided by 3.
1
Suppose -133*s + 132*s = -59. Let b(q) be the third derivative of -q**5/60 + q**4/2 - 2*q**3 + 3*q**2. What is the remainder when s is divided by b(9)?
14
Let o(h) = h**3 + 3*h**2 - 4*h + 7. What is the remainder when 91 is divided by o(2)?
15
Suppose -3*k = -q + 12, -3*q + k + 27 = -33. Let o(s) = -s**2 + 12*s. Let j be o(7). Suppose 0 = 3*i - j - 151. What is the remainder when i is divided by q?
20
Suppose -13*u - 195 = -16*u. What is the remainder when u is divided by 9?
2
Suppose 2*i - 4*n = 26, -4*n + 0 = 4*i - 28. Let f = i - -19. Calculate the remainder when 80 is divided by f.
24
Let s be 5/((-15)/(-9)) + 0. Suppose 0 = -s*l + 82 - 22. Suppose -4*h + 7*h - 33 = 0. Calculate the remainder when l is divided by h.
9
Let r(h) = 40*h - 256. What is the remainder when 379 is divided by r(8)?
59
Suppose 3*u = 5*m - 24, 21 - 3 = 5*m - u. Suppose m*j - 3*w = j + 46, 0 = 4*j + 4*w - 52. What is the remainder when j is divided by 6?
5
Let z = -33 - -28. Let j be (-7 - z) + 5 + 1. Suppose j*d = 526 - 138. What is the remainder when d is divided by 25?
22
Suppose 4*d = -i + 160, 0*d - 4*d - 272 = -2*i. Calculate the remainder when i is divided by 3.
0
Let f(w) = 60*w**2 + 11*w - 25. What is the remainder when f(2) is divided by 50?
37
Let o = 389 - 299. Calculate the remainder when 1797 is divided by o.
87
Suppose 233*k - 54*k + 161*k - 16320 = 0. Let z(x) = x - 4. Let p be z(4). Suppose -3*h + 33 + 42 = p. What is the remainder when k is divided by h?
23
Let b(h) = 5*h**2 + h. Let v be b(1). Suppose 5*f = -5*o - 90, 0 = -2*o + v*o. Let p = f + 28. What is the remainder when 19 is divided by p?
9
Suppose -11 = -n + 4*p, n - 12*p + 16*p = 43. Suppose 2*l - 3*l = -46. Calculate the remainder when l is divided by n.
19
Let p = -2 + 8. Suppose u = p*u - 95. Let i = 147 - 75. Calculate the remainder when i is divided by u.
15
Suppose 0 = 2*n - n - 3. Let z(j) = 3*j**2 - 3*j - 4. Let c(g) = -54*g. Calculate the remainder when c(-1) is divided by z(n).
12
Suppose 4*g - 8*m + 7*m - 53 = 0, 2*g + 2*m - 34 = 0. What is the remainder when 431 is divided by g?
11
Suppose 5*t + 11 = 36. Suppose t*z - 3 = 17. What is the remainder when 12 is divided by z?
0
Suppose -7*g + 25 = -2*g. Suppose 0 = g*y - 4*d - 47, -3*y - y + 52 = 4*d. What is the remainder when y is divided by 30 + -33 + (-1)/((-2)/12)?
2
Suppose -4*r + 2*r + 64 = 2*w, 4*w - r - 108 = 0. What is the remainder when w is divided by 19?
9
Let j be ((-66)/30 + 3)/(4/10). Suppose -j*h = 2*h - 208. Calculate the remainder when h is divided by 11.
8
Suppose 9*x = 14*x - 50. What is the remainder when 30 - -2*(-6)/4 is divided by x?
7
Suppose -2*r = -5*c + r - 48, 0 = 4*c + 3*r + 60. Let d = c + 40. What is the remainder when 79 is divided by d?
23
Let s = 10 - 1. Suppose 10 = k - s. Let c = -37 + 44. What is the remainder when k is divided by c?
5
Let z(k) = -k**3 + 5*k**2 - 2*k. Suppose 6 + 12 = 3*u. Suppose 2*y = 4*a - u*a + 12, 4*y - 9 = a. Calculate the remainder when 47 is divided by z(a).
11
Let x(o) = o**3 + o. Let a be x(1). Let y(w) = w**3 + 3*w**2 - 3*w - 4. What is the remainder when 39 is divided by y(a)?
9
Suppose 330 = 59*q - 49*q. What is the remainder when 229 is divided by q?
31
Suppose 0 = 2*q - 3*r - r - 38, -3*q - 3*r = -21. Suppose -q*o + 954 = 7*o. Calculate the remainder when o is divided by 14.
11
Let x(s) = -8*s + 3*s - 2 - s**2 - 6*s - s**2. Suppose 0*y + 5*y + 25 = 0. What is the remainder when 9 is divided by x(y)?
0
Let l be (0/3 + -5)/(12/(-60)). Suppose 0 = -5*z - 5*p - 60, 0*p = z + 5*p + 4. Let w = z + l. Calculate the remainder when w is divided by 6.
5
Suppose 910*j = 907*j + 390. What is the remainder when j is divided by 66?
64
Suppose 4*q - 25 = -p + 9, 0 = -q + 4. Let r(v) = -v**3 + 3*v**2 - 10*v - 35. What is the remainder when r(-3) is divided by p?
13
Let k be -46*3/(-6) - 1. Suppose 16*g - k*g = -42. Calculate the remainder when 10 is divided by g.
3
Let x = 1390 - 1348. Let u = -19 - -42. Calculate the remainder when x is divided by u.
19
Suppose -5*j + 145 = 2*q, -3*q + 71 = -2*q + 2*j. Suppose 969 = -96*p + 153*p. Calculate the remainder when q is divided by p.
14
Let f be 54*((-4)/8 + 1). Suppose -4*y = -3*l - 76, -2*y + 4*l = -f - 21. Let d = -28 - -34. What is the remainder when y is divided by d?
4
Let d(f) = 6*f**3 - f**2 - f + 4. Let o be d(-3). Suppose -2*x + 17 = -3. Calculate the remainder when o/(-6) + (-2)/(-3) is divided by x.
8
Let w(m) = m**3 + 9*m**2 + 7*m + 6. Let g(r) = 13*r**2 - 2*r - 2. Let b be g(-1). Suppose -20 = -11*c + b. Calculate the remainder when w(-8) is divided by c.
2
Suppose t - 50 = 2*b, 2*t - b - 94 = 3. Calculate the remainder when t is divided by (-1 - 31/3)*((-144)/(-32))/(-3).
14
Suppose 3*i - 6 = -36. Let m = i + 22. What is the remainder when 19 is divided by m?
7
Let u = -11931 + 11961. Let a(d) = -58*d - 1. What is the remainder when a(-1) is divided by u?
27
Let c(f) = -4*f - 9. Let w(j) = -j - 2. Let n(x) = -